 units digit of k?
5
What is the thousands digit of (364/(-6))/((-5)/180)?
2
Let j = -26 - -29. Let x(n) = 1 - 4 - 7*n + 12*n**2 - 4*n**3 + j*n**3. What is the units digit of x(11)?
1
What is the hundreds digit of 48378/99 - (-7)/3?
4
Suppose -4*v = 3*c + 697, -3*v = -3*c - 175 + 703. What is the hundreds digit of 7*6/5*v/(-14)?
1
What is the units digit of (-3 - 21/(-9))*(-840 - 3)?
2
Suppose -c + 158 = 3*h, 4*h + c = -c + 210. Suppose 5*s = -57 - h. Let p = -1 - s. What is the units digit of p?
1
What is the units digit of 4/(-5) - -127*(-22)/(-55)?
0
Let h(f) = -76*f - 104. What is the tens digit of h(-23)?
4
Suppose 7*n = 8*n + 6. What is the tens digit of 1056/18 + 4/n?
5
Let m be (3 - (4 + 0))*-109. Let p = -63 + m. What is the tens digit of p?
4
Let t(z) = -z**3 + 6*z**2 + 5*z + 14. Let d be t(7). Suppose d*h = -6*h + 12. What is the tens digit of 132/9 - h/3?
1
Suppose 18 + 126 = 4*j. Suppose 5*w - 119 = 2*r, 5*r = -w - w + j. What is the units digit of w?
3
Let q(w) = w**2 - 1. Suppose -3*a = -4*a. Let k be q(a). Let f(y) = -12*y - 1. What is the tens digit of f(k)?
1
Suppose 0 = 2*o - 77 - 173. Let n = o - 85. Suppose x - 5*m - n = 0, 0 = 3*x + 4*m + m - 120. What is the units digit of x?
0
Let o = 16 + -13. Suppose -k + 495 = 5*p, 4*k + 320 = o*p - 0*k. What is the tens digit of p?
0
Suppose -3*z = -5*b - 9151, -3*z + 3*b = -2*z - 3049. What is the units digit of z?
2
Let n(y) = -39*y - 90. What is the hundreds digit of n(-19)?
6
Let d be 41/8 - (-9)/(-72). Suppose d = 3*k + 8. What is the tens digit of (-115 - k)*8/(-24)?
3
Let b(o) = -o**3 - 11*o**2 + 12*o - 3. Let u(q) = -6*q**3 - 55*q**2 + 60*q - 14. Let d(t) = -11*b(t) + 2*u(t). What is the tens digit of d(5)?
9
Let p(s) = -s**3 + 28*s**2 + 3*s + 15. What is the tens digit of p(28)?
9
Let c = 1 + -10. What is the units digit of ((-14)/4)/(((-27)/(-24))/c)?
8
Let p = 50 + -36. Suppose p*b - 12*b = 104. What is the units digit of b?
2
Suppose 0 = 2*v + 11*x - 7*x - 1050, -2*v + 1020 = -2*x. What is the units digit of v?
5
Let j(r) = r**3 + r**2. Let t be j(-1). Let g(p) = -p**3 - 8*p**2 - 9*p - 10. Let w be g(-7). Suppose -2*q + w*q - 44 = t. What is the tens digit of q?
2
Suppose 5*g - 2501 = u, -4*u = -5*g + u + 2505. What is the tens digit of g?
0
Let f(q) = -q**2 - 8*q. Let z be f(-10). Let w be (z/5)/(-2 + 0). Suppose -17 = -2*r - 2*v + 65, v = w*r - 67. What is the tens digit of r?
3
Suppose -4*k - 1923 - 3259 = -5*t, 4*t + 2*k = 4156. What is the units digit of t?
8
Let a be (-99)/(-81) - (-4)/(-54)*3. What is the tens digit of 5/((-25)/(-435))*a?
8
Let f be (0 + -1)/((-4)/16). Let d be (2/f)/(1/2). What is the units digit of (2 - d) + (-3 - -4)?
2
Let f(x) = -109*x. Let q be f(2). Let p = 319 + q. What is the tens digit of p?
0
Suppose 3*s = s - 4. Let r be (s - 29)/(-1) - 3. Suppose -82 = -3*a - r. What is the tens digit of a?
1
Suppose 4*d - 2617 = 5*j, 1929 = 3*d - 0*j + 3*j. What is the units digit of d?
8
Let c(p) = 4*p**2 + 59*p - 41. What is the tens digit of c(-21)?
8
Let n(l) = -7*l**3 + 12 - 5*l**3 - 7*l + 11*l**3 + 19*l + 8*l**2. What is the tens digit of n(9)?
3
Let c(b) = -b**2 + 57*b - 96. What is the units digit of c(53)?
6
Let t be ((-106)/8)/(4/48). Let l = -91 - t. Suppose 3*p = -y + l, 0 = 3*p - 2*y - 27 - 26. What is the tens digit of p?
2
Let w(q) = 29*q**2 + 45*q + 212. What is the hundreds digit of w(-9)?
1
Let t = -789 - -1565. What is the units digit of t?
6
Suppose 44 = -z + 4*z - 5*m, -3*m = -4*z + 66. Let o(q) = 10*q - 36. What is the tens digit of o(z)?
4
Suppose 0 = -3*a - 3*g + 660, 0 = a + a - g - 449. What is the tens digit of a?
2
Suppose 6*f - 42 = -12. Let j(x) = 8*x + x**2 - f - 9 - 4*x - 3*x. What is the units digit of j(6)?
8
Let u be (5 - 15)*12/10. Let v be (90/u)/(3/(-126)). What is the units digit of ((-6)/5)/((-18)/v)?
1
Let b be (5 + -4)/(-2*3/816). Let p = 78 - b. What is the hundreds digit of p?
2
Suppose 5*r + 3*d = -2*d + 850, -4*r = -d - 700. Let s = -39 + r. Suppose 3*p - a = s, -4*p - 34 = -5*p + 4*a. What is the units digit of p?
6
Suppose -7*v + 6*v + 394 = t, 0 = -2*v - 8. What is the tens digit of t?
9
Let t be (-13)/(-5) + 27/(-45). Let m(g) = 12*g**3 + g**2 - 3*g + 3. What is the units digit of m(t)?
7
Let b(w) = 2*w**2 - 5*w - 459. What is the tens digit of b(-41)?
0
Let c = 18 - 17. Let l(f) = c + 18*f + 0*f**2 - 17*f + f**2. What is the tens digit of l(3)?
1
Suppose -2*n + 1770 = -1244. What is the hundreds digit of n?
5
Let g be 56/6 + 2/3. Let f(r) = -r**3 + 12*r**2 + 16*r - 25. Let v be f(13). What is the tens digit of g/(-35) + 550/v?
3
Let r(k) = k**3 + 7*k**2 + 4*k - 7. Suppose 5*s = -2*x - 27, 4*s + 4 = -8. Let b be r(x). What is the units digit of b/(15/54)*1?
8
Let l(f) be the second derivative of f**3/3 + 9*f**2/2 + 3*f. Let c be l(-6). Let y(h) = 2*h**2 - 4. What is the tens digit of y(c)?
1
Let u be 0 - (4 - (0 - 4)). Let b = -10 - u. What is the tens digit of 72/(-54)*51/b?
3
Suppose 5*a - 2*p = 4384, -a = a - 4*p - 1760. Suppose 0 = -g + 7*g - a. What is the tens digit of g?
4
Let l(g) = -72*g - 384. What is the hundreds digit of l(-13)?
5
Suppose 2*z = 3*m - 976, 14*z = 2*m + 15*z - 653. What is the units digit of m?
6
Let p be (20/25)/(68/20 - 3). Suppose -5*s + 4*b = -p*s - 479, -2*b = -5*s + 803. What is the hundreds digit of s?
1
Let r(p) be the first derivative of -7*p**4/4 + p**3/3 - 8. Let n be r(1). What is the tens digit of 19 - -2*n/(-4)?
2
Let l(y) = 906*y**3 - 8*y**2 + 8*y. What is the hundreds digit of l(1)?
9
Let d(o) = 2*o**3 + 11*o**2 - 5. What is the tens digit of d(3)?
4
Let p be (-271)/(-7) - 6/(-21). Suppose -5*z + 227 = 3*f, -3*z - 6 + 18 = 0. Let s = f - p. What is the tens digit of s?
3
Suppose 3*q - 2*q + 3*t = 328, 0 = -q - 2*t + 323. What is the units digit of q?
3
Suppose 3*p - 4*c + 23 = 0, 5*p + 0*c + 43 = 2*c. What is the hundreds digit of 103 - (p + 5)/(-4)?
1
Suppose -3*y + 4*r - 90 = -8*y, 0 = -5*y + 5*r + 90. What is the units digit of (81/y)/(6/32)?
4
Let f(c) = -c**2 + 13*c - 12. Let u(t) = -8*t**3 + 2*t**2 + 2*t + 1. Let i be u(-1). What is the tens digit of f(i)?
2
Suppose 4 = -l, -3*h + 7*l - 2*l = -47. Let m be 20/h - (-10)/(-45). Suppose 0 = m*f - 5*f + 75. What is the units digit of f?
5
Suppose -5*k = -5*w + 1980, w + 2*w - 1184 = 4*k. What is the hundreds digit of w?
4
Let g(o) = -o**3 - 8*o**2 + 13*o - 14. Let r be g(-10). What is the units digit of (-32)/r + 389/7?
5
Let c(z) = 11*z**2 + 26*z - 80. What is the units digit of c(7)?
1
Let l(z) = 4*z**3 - 5*z**2 - 10*z - 9. What is the tens digit of l(5)?
1
Let v = -269 + 148. Let b = v - -269. What is the tens digit of b?
4
Let n(b) be the third derivative of b**6/120 + b**5/20 - b**4/24 - b**3/6 - 4*b**2. Let i be n(-3). Suppose i*l = 22 - 8. What is the units digit of l?
7
Let g = -899 - -1585. What is the hundreds digit of g?
6
Suppose -21 + 116 = z. Let g = z - 91. What is the units digit of g?
4
Let m be 29/(3/7 + 130/(-140)). Let l = 110 + m. What is the units digit of l?
2
Let y(r) = r**3 - r**2 + 4. Let v be y(0). Suppose 0*z + 128 = v*z. What is the tens digit of z?
3
What is the tens digit of (3 - -280) + 5/(-5)?
8
Suppose 4*k = 1287 + 2617. What is the hundreds digit of k?
9
Suppose 0 = -3*o + 2*h + 8331, 5*o - 3*h + 7*h = 13885. What is the units digit of o?
7
Let h(q) = -4*q - q + 4*q + 3*q + q**2. Suppose -2*u + 37 = 2*u + 5*g, -3*u = -2*g + 1. What is the tens digit of h(u)?
1
Let l = 2865 + -1586. What is the hundreds digit of l?
2
Suppose -66*l - 9775 = -83*l. What is the hundreds digit of l?
5
Suppose 4*g - 17 = -1. Suppose 207 = g*x + 3*l, 2*x - l = 32 + 69. What is the units digit of x?
1
Let a(j) = j**3 - 7*j**2 + 2*j + 78. What is the hundreds digit of a(12)?
8
Let h(d) = -d**3 + 40*d**2 + 30*d + 141. What is the tens digit of h(40)?
4
Let o(f) = -f**2 + 2*f + 1. Let y be o(2). Let w = y + 1. What is the units digit of 123/w*10/15?
1
What is the tens digit of (47 - -5)*(2 - (-9)/2)?
3
Let z = 1036 - 609. What is the units digit of z?
7
Let p(w) = -w**2 + w + 2. Let o be p(2). Suppose -3*d + 81 = -o*d. What is the tens digit of d?
2
Let b(o) = o**3 + 27*o**2 + 32*o - 37. What is the units digit of b(-25)?
3
Let u = 69 + -143. Let r = -41 - u. What is the units digit of r?
3
Let 